. Calculate p(18).
7
Let j(x) = -2005*x - 20052. What is j(-10)?
-2
Let h(q) = -q**2 + 253*q - 14576. Calculate h(165).
-56
Let m(j) = 165*j + 106. What is m(-6)?
-884
Let m(k) = -2*k**3 + 99*k**2 + 144*k + 464. Determine m(51).
5
Let i(y) = 37*y + 1614. What is i(-37)?
245
Let p(m) = m**3 + 10*m**2 - 10*m - 5. Calculate p(-11).
-16
Let a(s) = s**3 - 22*s**2 + 261*s - 7422. What is a(24)?
-6
Let s(a) = -a**3 + 34*a**2 + a + 70. Determine s(34).
104
Let h(p) = -21109*p + 253315. What is h(12)?
7
Let l(u) = 2*u**2 - 4*u - 189. Calculate l(-9).
9
Let s(u) = -68*u + 172. Give s(2).
36
Let s(a) = a**3 - 5*a**2 - 26. What is s(6)?
10
Let r(f) = 1002*f + 8017. Give r(-8).
1
Let t(u) = -u**2 + 132*u - 634. Calculate t(127).
1
Let c(k) = -130*k - 4207. What is c(-32)?
-47
Let w(v) = 83*v + 5773. Calculate w(-69).
46
Let o(w) = 75*w - 1068. Calculate o(14).
-18
Let v(m) = -12*m**2 - 10*m - 23. Give v(-2).
-51
Let k(u) = -2*u**2 + 31*u - 63. Determine k(15).
-48
Let i(g) = 4*g**2 + 42*g + 25. Determine i(-10).
5
Let y(s) = -111*s + 3710. Give y(34).
-64
Let j(h) = -2*h**2 - 171*h + 86. Give j(-86).
0
Let m(j) = -13*j - 340. Give m(-26).
-2
Let j(s) = 11*s - 49. What is j(0)?
-49
Let s(r) = -r**2 - 165*r + 1932. Give s(11).
-4
Let w(l) = -369*l - 8849. What is w(-24)?
7
Let n(u) = 29*u + 72. Determine n(-3).
-15
Let s(j) = 254*j - 14227. Give s(56).
-3
Let q(s) = -35*s - 5491. Determine q(-158).
39
Let j(o) = -3*o**2 - 150*o - 1342. Give j(-38).
26
Let y(g) = 2*g**2 - 161*g - 2433. What is y(-13)?
-2
Let i(f) = f**3 - 49*f**2 - 66*f + 793. Determine i(50).
-7
Let p(t) = -t**3 + 206*t**2 - 610*t + 197. Give p(203).
-6
Let l(q) = 384*q - 2641. Calculate l(7).
47
Let g(x) = 329*x - 2320. Determine g(7).
-17
Let z(s) = -4*s**3 + 96*s**2 - 86*s - 13. Calculate z(23).
125
Let y(b) = -399*b - 1791. Give y(-5).
204
Let v(p) = 57*p + 266. Determine v(-5).
-19
Let y(m) = -596*m - 5265. What is y(-9)?
99
Let c(d) = 680*d - 14965. Calculate c(22).
-5
Let u(o) = -54*o + 153. Give u(2).
45
Let l(j) = 12*j**2 - 22*j + 17. Give l(3).
59
Let z(m) = 11533*m + 10. Give z(0).
10
Let w(b) = 67*b + 6273. What is w(-94)?
-25
Let f(x) = x**3 - 27*x**2 - 1017*x - 176. Give f(-21).
13
Let u(c) = -3464*c - 17313. Give u(-5).
7
Let q(t) = 18*t**2 + 4*t + 1. What is q(1)?
23
Let i(s) = -55*s + 358. Give i(6).
28
Let i(l) = 10*l + 281. Determine i(-28).
1
Let f(q) = -q**3 - 15*q**2 - 54*q - 37. Give f(-5).
-17
Let d(f) = 1756*f - 3526. Determine d(2).
-14
Let m(v) = -1390*v + 346113. Calculate m(249).
3
Let g(o) = -6913*o + 48390. What is g(7)?
-1
Let y(g) = 6*g - 30. Calculate y(-4).
-54
Let h(q) = 945*q + 13287. Determine h(-14).
57
Let x(i) = -3*i**2 - 511*i + 4. Give x(0).
4
Let o(x) = -7*x - 241. Calculate o(-34).
-3
Let c(r) = -r**2 + 29*r + 1221. What is c(-22)?
99
Let t(j) = -29*j**2 - 34*j + 50. What is t(-2)?
2
Let m(z) = 289*z - 2287. Calculate m(8).
25
Let u(f) = -f**3 + 22*f**2 - 98*f - 8. Calculate u(6).
-20
Let r(x) = -x**3 + 3*x**2 + 47*x - 5. Calculate r(10).
-235
Let k(h) = -10*h**2 + 11*h - 29. Determine k(-2).
-91
Let q(t) = 1093*t + 6525. Give q(-6).
-33
Let f(k) = 76*k - 1511. What is f(20)?
9
Let o(r) = 513*r - 512. What is o(1)?
1
Let i(q) = 6*q + 21. Determine i(15).
111
Let n(v) = 24*v**3 + v**2 - 6. Give n(-2).
-194
Let k(h) = -58*h + 1438. Give k(25).
-12
Let n(k) = k**3 - 10*k**2 + 12*k + 21. Calculate n(3).
-6
Let d(m) = 11*m**3 + 3*m**2 - 17*m + 30. Give d(2).
96
Let d(u) = 15*u**2 + 242*u + 17. Give d(-16).
-15
Let t(a) = -a**3 - 9*a**2 + 118*a + 74. Determine t(-16).
-22
Let c(z) = -535*z - 6416. Calculate c(-12).
4
Let q(o) = o**2 - 120*o + 3205. Calculate q(80).
5
Let n(r) = 6*r**3 + 79*r**2 + 9*r + 38. Determine n(-13).
90
Let h(q) = -q**2 + 153*q + 22215. Determine h(244).
11
Let f(z) = -16*z**2 + 66*z - 10. Give f(4).
-2
Let y(s) = -665*s + 1333. Calculate y(2).
3
Let a(s) = 24*s - 369. Calculate a(19).
87
Let w(o) = -o**3 + 17*o**2 + 19*o + 1. What is w(18)?
19
Let v(t) = -259*t + 1071. Determine v(4).
35
Let y(r) = -11*r + 36. What is y(4)?
-8
Let w(q) = q**3 + 4*q + 23. Determine w(5).
168
Let p(n) = 13*n**2 + 111*n + 327. Calculate p(-3).
111
Let b(i) = 4*i**2 - 4*i - 57. Give b(-6).
111
Let v(a) = -32*a**2 - 30*a - 7. Determine v(-2).
-75
Let c(k) = k**2 + 49*k + 259. What is c(-6)?
1
Let c(b) = -3*b**2 - 69*b + 728. Give c(8).
-16
Let q(u) = -12*u + 244. Determine q(17).
40
Let j(g) = -g**3 + 8*g**2 - 10*g - 60. Calculate j(5).
-35
Let v(f) = 47*f - 128. What is v(4)?
60
Let y(m) = -27*m - 204. Determine y(-5).
-69
Let n(x) = -x**3 - 7*x**2 - 4*x - 6. Give n(-10).
334
Let i(w) = 3*w**2 - 14*w + 68. Determine i(10).
228
Let s(z) = 2*z**2 - 59*z + 18. Determine s(29).
-11
Let a(l) = -l**3 - 16*l**2 - 21*l - 235. Determine a(-15).
-145
Let g(v) = -v**2 + 59*v + 178. Calculate g(62).
-8
Let c(n) = -n**3 - 4*n**2 + 14*n + 6. Give c(3).
-15
Let a(w) = w**3 + 10*w**2 - 38*w + 39. What is a(-13)?
26
Let t(j) = 102*j + 1848. What is t(-18)?
12
Let h(r) = -57*r - 1068. Calculate h(-35).
927
Let g(r) = -17*r**3 + r**2 + r - 3. Give g(1).
-18
Let i(s) = -2*s**3 - 5*s**2 + 4*s - 1. Determine i(2).
-29
Let a(l) = -83*l + 587. Determine a(7).
6
Let z(m) = m**3 - 5*m - 62. Calculate z(-5).
-162
Let q(c) = -c**2 - 7*c + 799. What is q(25)?
-1
Let z(c) = c**3 + 43*c**2 + 2*c - 64. Give z(-43).
-150
Let h(t) = t**2 - 109*t + 7. Determine h(0).
7
Let d(a) = -1958*a - 3870. Calculate d(-2).
46
Let z(s) = 38*s + 236. What is z(-6)?
8
Let x(a) = 322*a - 1630. Calculate x(6).
302
Let s(w) = -6*w**2 + 2311*w + 4265. Calculate s(387).
8
Let o(s) = -30*s - 578. What is o(-19)?
-8
Let s(x) = -x**3 - 95*x**2 + 99*x + 63. What is s(-96)?
-225
Let r(p) = 2*p**3 - 83*p**2 - 57*p + 750. What is r(42)?
120
Let s(y) = 216*y**2 - 5*y + 12. What is s(0)?
12
Let t(p) = -22*p + 186. What is t(13)?
-100
Let q(b) = 26*b**2 - 78*b - 81. Calculate q(-1).
23
Let p(h) = 15*h**2 + 71*h + 26. What is p(-4)?
-18
Let u(o) = -o**3 + 61*o**2 + 399*o + 205. Determine u(67).
4
Let j(o) = 66*o - 279. Give j(7).
183
Let x(d) = -2*d**3 + 22*d**2 + 21*d + 38. Calculate x(12).
2
Let x(a) = a**3 + 90*a**2 - 3*a - 280. Determine x(-90).
-10
Let q(j) = 11*j + 35. What is q(17)?
222
Let v(w) = -46*w + 136. Give v(4).
-48
Let t(a) = 5*a**3 + 17*a**2 - 16*a - 7. What is t(-4)?
9
Let t(f) = 239*f**2 + 6*f - 18. Calculate t(2).
950
Let l(k) = k**3 - k**2 - 16*k + 148. What is l(-6)?
-8
Let v(t) = -681*t + 10194. Give v(15).
-21
Let l(u) = -1199*u - 77933. Calculate l(-65).
2
Let u(n) = -8*n**2 - 23*n - 98. Give u(-8).
-426
Let o(z) = 70*z**2 + 1812*z - 212. Give o(-26).
-4
Let l(m) = 2*m**3 - 47*m**2 + 27*m - 95. Calculate l(23).
-3
Let y(h) = -1240*h + 8577. What is y(7)?
-103
Let i(v) = 84*v - 376. Give i(8).
296
Let b(r) = -r**3 + 12*r**2 + r + 389. Give b(14).
11
Let s(d) = -2310*d - 36972. Calculate s(-16).
-12
Let v(x) = -2*x**3 - 135*x**2 + 59*x - 614. Calculate v(-68).
-2
Let j(g) = 10*g**2 + 290*g - 1. Determine j(-29).
-1
Let y(k) = 506*k**3 + 2*k + 2. Give y(-1).
-506
Let v(y) = -870*y + 11381. Calculate v(13).
71
Let r(a) = a**2 + 3*a + 54. Determine r(0).
54
Let m(z) = -8*z**2 - 414*z + 1780. Give m(4).
-4
Let x(v) = -15*v + 652. Calculate x(42).
22
Let n(y) = 4*y**2 + 37*y - 134. Calculate n(-13).
61
Let u(r) = -r**3 - 10*r**2 - 19*r - 27. What is u(-8)?
-3
Let m(d) = d**2 - 33*d - 1450. Calculate m(58).
0
Let v(b) = 12*b**2 - 36*b + 36. Calculate v(1).
12
Let h(d) = -1815*d - 10903. Give h(-6).
-13
Let k(u) = -u**3 + 2*u**2 - u + 21. Give k(5).
-59
Let m(y) = -678*y + 6576. Give m(10).
-204
Let n(s) = -2*s**3 - 13*s**2 - 17*s + 7. What is n(-7)?
175
Let u(x) = -x**3 - 32*x**2 - 44*x + 152. What is u(-30)?
-328
Let a(m) = -68*m - 404. Give a(-3).
-200
Let z(h) = -5*h**2 - 58*h - 569. Calculate z(-14).
-737
Let v(t) = 2*t**3 - 2*t**2 + 6*t + 4. Give v(3).
58
Let z(p) = -3*p**2 + 990*p + 6023. Give z(-6).
-25
Let x(p) = -11*p**3 + 7*p**2 + 10*p - 13. What is x(1)?
-7
Let a(j) = j**3 - 4*j**2 + 64*j - 264. Give a(4).
-8
Let p(u) = 41*u**3 + 2*u**2 - 8*u + 13. Give p(2).
333
Let i(s) = s**3 - 5*s**2 - 34*s + 145. Give i(7).
5
Let k(v) = v**3 + 34*v**2 + 64*v - 22. Give k(-32).
-22
Let f(o) = 297*o - 43. Determine f(0).
-43
Let o(j) = 43*j + 5311. Calculate o(-124).
-21
Let g(n) = -2*n**2 - 4